{"id":208,"date":"2016-09-23T14:07:25","date_gmt":"2016-09-23T12:07:25","guid":{"rendered":"https:\/\/dev.meister-sa.ch\/?page_id=208"},"modified":"2025-04-02T06:23:15","modified_gmt":"2025-04-02T04:23:15","slug":"unternehmen","status":"publish","type":"page","link":"https:\/\/meister-sa.ch\/de\/unternehmen\/","title":{"rendered":"Unternehmen"},"content":{"rendered":"<h3 class=\"bodytext\">1939<\/h3>\n<blockquote>\n<p class=\"bodytext\">Damals arbeitete der junge Mechaniker Serge Meister in der Werkstatt seines Vaters in der jungen Automatendrehbranche. Dabei kam er auf die Idee, verschiedene Werkzeuge f\u00fcr die Drehmaschinen herzustellen. Langsam entsteht zu diesem Zweck eine kleine Werkstatt. Dann kamen der Krieg und die Mobilmachung, und f\u00fcr die n\u00e4chsten vier Jahre kam Serge Meister nicht dazu, seine Pl\u00e4ne weiterzuverfolgen. Nach der R\u00fcckkehr in sein Heimatdorf nimmt er seine Werkstatt wieder in Betrieb und beginnt, F\u00fchrungsb\u00fcchsen und Spannzangen aus Hartmetall zu produzieren. Mit der Entwicklung der Maschinen von Tornos, Bechler und Petermann steigt die Nachfrage nach seinen Werkzeugen.<\/p>\n<\/blockquote>\n<h3 class=\"bodytext\">1953<\/h3>\n<blockquote>\n<p class=\"bodytext\">Wird der erste Teil einer Fabrik errichtet. Der junge Unternehmer stellt Mitarbeiter ein, entwickelt neue Produkte \u2013 und beschafft eine Schleifmaschine sowie eine mitlaufende F\u00fchrungsb\u00fcchse mit Hartmetallgleitlagern.<\/p>\n<\/blockquote>\n<h3 class=\"bodytext\">1981<\/h3>\n<blockquote>\n<p class=\"bodytext\">War das Jahr des grossen Firmenausbaus. Auf einer verdoppelten Produktionsfl\u00e4che kann die Serge Meister AG ihr Wachstum fortsetzen.<\/p>\n<\/blockquote>\n<h3 class=\"bodytext\">1987<\/h3>\n<blockquote>\n<p id=\"firstHeading\" class=\"firstHeading\" lang=\"fr\">\u00dcbernehmen Jean-Pierre Meyer und Paul Leuenberger gemeinsam die Firmenleitung. Serge Meister wird Pr\u00e4sident des Verwaltungsrats.<\/p>\n<\/blockquote>\n<h3 class=\"bodytext\">1992<\/h3>\n<blockquote>\n<p class=\"bodytext\">Verstirbt Serge Meister im Alter von 73 Jahren.<\/p>\n<\/blockquote>\n<h3 class=\"bodytext\">2006<\/h3>\n<blockquote>\n<p class=\"bodytext\">Kauft die Serge Meister AG ein altes Firmenareal am Eingang des Vallon de Chaluet in Court. Damit kann sie ihre Produktionsfl\u00e4che verdreifachen: Nach einer Totalrenovation bezieht die Belegschaft im August 2006 die neuen R\u00e4umlichkeiten.<\/p>\n<\/blockquote>\n<h3 class=\"bodytext\">2007<\/h3>\n<blockquote>\n<p id=\"firstHeading\" class=\"firstHeading\" lang=\"fr\">\u00dcbergibt Paul Leuenberger nach \u00fcber 25 Jahren im Dienst des Unternehmens die Z\u00fcgel an seinen Sohn Olivier Leuenberger, den Enkel von Serge Meister. Paul Leuenberger bleibt der Firma in beratender Funktion erhalten.<\/p>\n<\/blockquote>\n<h3>2017<\/h3>\n<blockquote><p>Er\u00f6ffnung einer Niederlassung in Deutschland: Serge Meister Pr\u00e4zisionswerkzeuge GmbH in Pforzheim.<\/p><\/blockquote>\n<h3>2018<\/h3>\n<blockquote><p>Nach mehr 41 Jahren im Unternehmen, davon 30 Jahre als Gesch\u00e4ftsinhaber, \u00fcbergibt Jean-Pierre Meyer die F\u00fchrung seinem Sohn Luc Meyer. Er bleibt jedoch in der Firma.<\/p><\/blockquote>\n<h3>2020<\/h3>\n<blockquote><p>Serge Meister S.A. hat in eine ERP-Software investiert, um Sie besser bedienen zu k\u00f6nnen.<\/p><\/blockquote>\n<h3>2021<\/h3>\n<blockquote><p>Eine gro\u00dfe Anlage mit 518 Photovoltaikmodulen bedeckt das Dach des Geb\u00e4udes und produziert j\u00e4hrlich 175,55 MWh. Und ein Eigenverbrauch von 40%<\/p><\/blockquote>\n<h3>2023<\/h3>\n<blockquote><p>Umzug eines Teils der CNC-Abteilung in die ehemalige Macor-Fabrik<\/p><\/blockquote>\n<h3>2024<\/h3>\n<blockquote><p>Vergr\u00f6\u00dferung der Fabrik und vor allem des Lagers und mit einer gro\u00dfen Kardex und Lagerplatz<\/p><\/blockquote>\n","protected":false},"excerpt":{"rendered":"<p>1939 Damals arbeitete der junge Mechaniker Serge Meister in der Werkstatt seines Vaters in der jungen Automatendrehbranche. Dabei kam er auf die Idee, verschiedene Werkzeuge f\u00fcr die Drehmaschinen herzustellen. Langsam entsteht zu diesem Zweck eine kleine Werkstatt. Dann kamen der Krieg und die Mobilmachung, und f\u00fcr die n\u00e4chsten vier Jahre kam Serge Meister nicht dazu, [&hellip;]<\/p>\n","protected":false},"author":1,"featured_media":0,"parent":0,"menu_order":0,"comment_status":"closed","ping_status":"closed","template":"template_entreprise.php","meta":{"_acf_changed":false,"footnotes":""},"acf":{"liste_du_personnel":false},"_links":{"self":[{"href":"https:\/\/meister-sa.ch\/de\/wp-json\/wp\/v2\/pages\/208"}],"collection":[{"href":"https:\/\/meister-sa.ch\/de\/wp-json\/wp\/v2\/pages"}],"about":[{"href":"https:\/\/meister-sa.ch\/de\/wp-json\/wp\/v2\/types\/page"}],"author":[{"embeddable":true,"href":"https:\/\/meister-sa.ch\/de\/wp-json\/wp\/v2\/users\/1"}],"replies":[{"embeddable":true,"href":"https:\/\/meister-sa.ch\/de\/wp-json\/wp\/v2\/comments?post=208"}],"version-history":[{"count":6,"href":"https:\/\/meister-sa.ch\/de\/wp-json\/wp\/v2\/pages\/208\/revisions"}],"predecessor-version":[{"id":1994,"href":"https:\/\/meister-sa.ch\/de\/wp-json\/wp\/v2\/pages\/208\/revisions\/1994"}],"wp:attachment":[{"href":"https:\/\/meister-sa.ch\/de\/wp-json\/wp\/v2\/media?parent=208"}],"curies":[{"name":"wp","href":"https:\/\/api.w.org\/{rel}","templated":true}]}}

<h3 class="bodytext">1939</h3>
<blockquote>
<p class="bodytext">Damals arbeitete der junge Mechaniker Serge Meister in der Werkstatt seines Vaters in der jungen Automatendrehbranche. Dabei kam er auf die Idee, verschiedene Werkzeuge für die Drehmaschinen herzustellen. Langsam entsteht zu diesem Zweck eine kleine Werkstatt. Dann kamen der Krieg und die Mobilmachung, und für die nächsten vier Jahre kam Serge Meister nicht dazu, seine Pläne weiterzuverfolgen. Nach der Rückkehr in sein Heimatdorf nimmt er seine Werkstatt wieder in Betrieb und beginnt, Führungsbüchsen und Spannzangen aus Hartmetall zu produzieren. Mit der Entwicklung der Maschinen von Tornos, Bechler und Petermann steigt die Nachfrage nach seinen Werkzeugen.</p>
</blockquote>
<h3 class="bodytext">1953</h3>
<blockquote>
<p class="bodytext">Wird der erste Teil einer Fabrik errichtet. Der junge Unternehmer stellt Mitarbeiter ein, entwickelt neue Produkte – und beschafft eine Schleifmaschine sowie eine mitlaufende Führungsbüchse mit Hartmetallgleitlagern.</p>
</blockquote>
<h3 class="bodytext">1981</h3>
<blockquote>
<p class="bodytext">War das Jahr des grossen Firmenausbaus. Auf einer verdoppelten Produktionsfläche kann die Serge Meister AG ihr Wachstum fortsetzen.</p>
</blockquote>
<h3 class="bodytext">1987</h3>
<blockquote>
<p id="firstHeading" class="firstHeading" lang="fr">Übernehmen Jean-Pierre Meyer und Paul Leuenberger gemeinsam die Firmenleitung. Serge Meister wird Präsident des Verwaltungsrats.</p>
</blockquote>
<h3 class="bodytext">1992</h3>
<blockquote>
<p class="bodytext">Verstirbt Serge Meister im Alter von 73 Jahren.</p>
</blockquote>
<h3 class="bodytext">2006</h3>
<blockquote>
<p class="bodytext">Kauft die Serge Meister AG ein altes Firmenareal am Eingang des Vallon de Chaluet in Court. Damit kann sie ihre Produktionsfläche verdreifachen: Nach einer Totalrenovation bezieht die Belegschaft im August 2006 die neuen Räumlichkeiten.</p>
</blockquote>
<h3 class="bodytext">2007</h3>
<blockquote>
<p id="firstHeading" class="firstHeading" lang="fr">Übergibt Paul Leuenberger nach über 25 Jahren im Dienst des Unternehmens die Zügel an seinen Sohn Olivier Leuenberger, den Enkel von Serge Meister. Paul Leuenberger bleibt der Firma in beratender Funktion erhalten.</p>
</blockquote>
<h3>2017</h3>
<blockquote><p>Eröffnung einer Niederlassung in Deutschland: Serge Meister Präzisionswerkzeuge GmbH in Pforzheim.</p></blockquote>
<h3>2018</h3>
<blockquote><p>Nach mehr 41 Jahren im Unternehmen, davon 30 Jahre als Geschäftsinhaber, übergibt Jean-Pierre Meyer die Führung seinem Sohn Luc Meyer. Er bleibt jedoch in der Firma.</p></blockquote>
<h3>2020</h3>
<blockquote><p>Serge Meister S.A. hat in eine ERP-Software investiert, um Sie besser bedienen zu können.</p></blockquote>
<h3>2021</h3>
<blockquote><p>Eine große Anlage mit 518 Photovoltaikmodulen bedeckt das Dach des Gebäudes und produziert jährlich 175,55 MWh. Und ein Eigenverbrauch von 40%</p></blockquote>
<h3>2023</h3>
<blockquote><p>Umzug eines Teils der CNC-Abteilung in die ehemalige Macor-Fabrik</p></blockquote>
<h3>2024</h3>
<blockquote><p>Vergrößerung der Fabrik und vor allem des Lagers und mit einer großen Kardex und Lagerplatz</p></blockquote>

<p>1939 Damals arbeitete der junge Mechaniker Serge Meister in der Werkstatt seines Vaters in der jungen Automatendrehbranche. Dabei kam er auf die Idee, verschiedene Werkzeuge für die Drehmaschinen herzustellen. Langsam entsteht zu diesem Zweck eine kleine Werkstatt. Dann kamen der Krieg und die Mobilmachung, und für die nächsten vier Jahre kam Serge Meister nicht dazu, [&hellip;]</p>
